*k = -5*w + 2*k + 55. Calculate the remainder when 41 is divided by w.
11
Suppose -19*j + 4*x = -11*j - 512, -64 = -j - 3*x. Calculate the remainder when 475 is divided by j.
27
Let z = 45 - 20. Suppose -z = -6*h + 71. Suppose 0 = 11*g - 2*g - 90. What is the remainder when h is divided by g?
6
Suppose 4*b - 235 = 477. Let t = b - 89. Suppose 0 = -c + 7 + 16. Calculate the remainder when t is divided by c.
20
Let l(p) = p**2 + 45*p + 723. Calculate the remainder when l(-17) is divided by 64.
55
Let s = -115 + 162. What is the remainder when 1*(981 - -4 - 0) is divided by s?
45
Let a = -1921 - -1925. What is the remainder when 18 is divided by a?
2
Let d(f) = 5*f**2 - 2*f - 5. Let w(c) = -c**2 + 37*c - 117. What is the remainder when d(-4) is divided by w(5)?
40
Let b = -19909 - -20412. Calculate the remainder when 516 is divided by b.
13
Calculate the remainder when 1031 is divided by 10*(-6)/(-60)*15.
11
What is the remainder when 589 is divided by ((-271172)/(-231))/2 + 10/210?
2
Let k(f) = f**3 + 42*f**2 - 9*f - 4. What is the remainder when k(-40) is divided by 40?
36
Let w(d) = -d**3 + 8*d**2 - 4*d - 4. Let i be w(7). Suppose i*z - 644 = 10*z. What is the remainder when z is divided by 19?
16
Suppose 0 = 11*q - 8*q - 5*h + 14, 3*h + 12 = -5*q. Calculate the remainder when 116 is divided by (-36)/(q + 20/12).
8
Let y(p) = -p**2 - 114*p + 3512. Suppose 0 = 5*b - 10, 2*w + 4*b - 965 = -303. Calculate the remainder when w is divided by y(25).
31
Let t(g) = 178*g**2 - 73*g + 10. What is the remainder when t(-3) is divided by 131?
128
Let g(a) = 2*a + 48. Let l be g(-22). Suppose -q - l*q = -q. Suppose q = -4*r - 70 + 114. Calculate the remainder when 53 is divided by r.
9
Let p(l) = -l**3 + 56*l**2 + 446*l - 152. Calculate the remainder when 553 is divided by p(63).
64
Let m(h) = 1161*h - 8061. Let s = 9 - -19. Calculate the remainder when m(7) is divided by s.
10
Let h = -76 - -83. Let d(v) = 1 + 12*v - v**2 - 25*v + 3 + h*v. Calculate the remainder when 129 is divided by d(-4).
9
Suppose 2*u + 532 = 63*j - 60*j, -4*u - 8 = 0. What is the remainder when 823 is divided by j?
119
Suppose 74*b = 76*b - 5*o - 535, -b + 264 = o. Calculate the remainder when b is divided by 87.
4
Let p = 28 - 124. Let k = 19 + p. Let y = -56 - k. Calculate the remainder when 124 is divided by y.
19
Calculate the remainder when 1030/618*(-2742)/(-5) is divided by 457.
0
Suppose 42 = g - 2*j, 0 = g - 3*j + 23*j - 64. Calculate the remainder when 6379 is divided by g.
43
Let h be (1/5)/((-5)/(-25)). Suppose -4*k - 4*a + 216 = 0, -3*a - 10 = -h. Let l = -30 - -51. What is the remainder when k is divided by l?
15
Let p be 415/85 + 8/68. Calculate the remainder when 37 is divided by -2 - -17 - (-11 + p + 5).
5
Calculate the remainder when (-29)/((-290)/(-260))*-10 is divided by 22.
18
Let y(n) = -18*n + 449. Let z be 2*(-4 + (-15)/(-6)). What is the remainder when -6*z/2*3 is divided by y(24)?
10
Suppose -5*y - 4*l + 18909 = -17728, 14668 = 2*y - 5*l. What is the remainder when y is divided by 253?
245
Calculate the remainder when 120 is divided by 1182/42 - 0 - ((-216)/56 - -3).
4
What is the remainder when (-15 + 4 - -12744) + 11 is divided by 21?
18
Let s = -473 + 495. Let h = 131 - 48. Calculate the remainder when h is divided by s.
17
Suppose -4*d + 36 = 4*p, -5*p + 23*d = 18*d - 45. Calculate the remainder when 142 is divided by 3/p + 3/(18/70).
10
Let y(o) = o**2 + 5*o + 4. Let x be y(-3). Let z = 17096 - 17092. What is the remainder when x/5 - (-44)/10 is divided by z?
0
Suppose -472 = -4*f - 3*v + 7*v, -2*f + 233 = -v. Calculate the remainder when f is divided by 60.
55
Suppose -60*z - 24*z + 11*z + 1606 = 0. What is the remainder when 2258 is divided by z?
14
Suppose -159 + 55 = -4*r. Suppose 14*c = -r + 404. Calculate the remainder when 99 is divided by c.
18
Let x(j) = -j**2 + 23*j - 37. Let z be x(21). Calculate the remainder when 99 is divided by ((-25)/z)/((-6)/12).
9
Let m = -316 - -334. Suppose t = -m + 40. What is the remainder when t is divided by 20?
2
Suppose -84*q + 2232 = 66*q - 119*q. Calculate the remainder when 552 is divided by q.
48
Suppose -9*j - 23*j = -96. Suppose s - j*p = 122, 4*s - 25*p = -28*p + 428. Calculate the remainder when s is divided by 16.
14
Let v(m) = 33*m + 548. Calculate the remainder when v(-10) is divided by 68.
14
Suppose -20 - 6 = -w. Let y be 1900/(-1520) - (-125)/4. Suppose -y*t = -w*t - 20. What is the remainder when t is divided by 1?
0
Let q = 3973 + -3697. Suppose 18*u = 21*u - 93. Calculate the remainder when q is divided by u.
28
Let w be ((-44)/99)/((-3)/9)*-177. Let c = w + 802. Calculate the remainder when c is divided by 71.
69
Suppose 44*a - 49*a + 206 = 2*l, l = 4*a - 157. Calculate the remainder when 95 is divided by a.
15
Let l(q) = -q**2 + 14*q + 61. Calculate the remainder when 600 is divided by l(16).
20
Suppose 3*q - 4*t = 342, 4*q - 5*t - 232 - 224 = 0. Let m = q + -74. Calculate the remainder when m is divided by 22.
18
Let g = -76 - -80. What is the remainder when (9/g - 2) + 14818/248 is divided by 21?
18
Calculate the remainder when 311 is divided by 147 - (1 - 3)/((-26)/(-78)).
5
Let a = 8 - 10. Let r(g) = 5*g - 2. Let p be r(a). Let n = p + 28. Calculate the remainder when 79 is divided by n.
15
Suppose 26*w - 7*w - 76 = 0. Suppose 0 = -2*u - 2*r + 318, -w*r = -3*u - 0*u + 449. Calculate the remainder when u is divided by 12.
11
Let r(d) = -4*d**3 - 6*d**2 + 6. Let b be r(-2). What is the remainder when (-9333)/(-33) + b/77 is divided by 57?
55
Let f = -5 - -5. Suppose -5*v - b - 3*b - 378 = f, b = -4*v - 298. Let u = v + 167. Calculate the remainder when u is divided by 32.
29
Let i(t) = -t**2 - 16*t + 1. Let u be i(-15). Suppose -u*o + 110 = -5*o. Suppose 0 = o*q - 15*q + 110. Calculate the remainder when q is divided by 15.
7
Suppose 4 = 20*g + 4. Suppose g = -2*f + 33 - 27. What is the remainder when (-41 + 7)*2/(-4) is divided by f?
2
Let w(v) = 136 - 283 + 136 + 4*v. Let g be (-2)/(4/(-14)*1). Calculate the remainder when 50 is divided by w(g).
16
Suppose 16*w - 159 + 31 = 0. Suppose 231 = w*n - 57. Calculate the remainder when 251 is divided by n.
35
Let y = 15 + 0. Let g(z) = 60*z**2 + 752*z - 964. Calculate the remainder when g(-14) is divided by y.
13
Let j = 3020 - 2976. What is the remainder when j is divided by 12?
8
Suppose -5*a - 378 = 3*g - 123, -2*g + 5*a - 195 = 0. Let o = g + 97. Suppose o + 7 = 2*p. What is the remainder when 31 is divided by p?
3
Calculate the remainder when 3906 is divided by (-77)/91*-13 - -1942.
0
Suppose 8*h + 3 = -45. Let g(d) = 26*d + 179. Calculate the remainder when 204 is divided by g(h).
20
Let k(l) = -192*l - 824. Calculate the remainder when 2581 is divided by k(-5).
133
Suppose 2*u - 2*v - 13 = -215, -4*u + 3*v = 401. Let c = 172 + u. Calculate the remainder when c is divided by 8.
2
Let s = 28817 + -20607. Calculate the remainder when s is divided by 249.
242
Let u = -11 - -11. Suppose -44 = -l + 2*n, -4*l - 5*n + 174 = -54. What is the remainder when l is divided by 1/(u - 4/(-76))?
14
Suppose -126 = -r - 70. Suppose -4*s + 76 = 4*p, p = -2*p + s + 41. Calculate the remainder when r is divided by -9*4/(-24)*290/p.
27
Let j = 3476 + -3254. What is the remainder when j is divided by 11?
2
Let m(l) = l**3 + 20*l**2 - 38*l - 78. Calculate the remainder when 2733 is divided by m(-20).
5
Let f = 1422 + -151. Calculate the remainder when f is divided by 14.
11
Suppose 39*s - 72 = 15*s. Suppose s*w + 9 = 15. What is the remainder when 2 is divided by w?
0
Suppose 333*f - 155*f - 546 = 165*f. What is the remainder when 5835 is divided by f?
39
Suppose 2*j = 0, -4*z + 4*j - 4 + 16 = 0. Calculate the remainder when (6 + 0 + 46)/(1/z) is divided by 54.
48
Suppose -7*g + 59 = 80. What is the remainder when 72 is divided by (g + 0)/(-3)*(4 - -22)?
20
Let m = -41 - -58. Suppose 0*c - 29*v = -3*c + 767, -v - 655 = -3*c. What is the remainder when c is divided by m?
13
Suppose 2*n + 5*h - 1197 = 0, -5*n - 2*h + 2978 = -4*h. Calculate the remainder when n is divided by 15.
11
Suppose 0 = t - 8 + 6. Suppose 12*q + 46 = -t. What is the remainder when 70 - ((3 + 5)/q + 4) is divided by 23?
22
Suppose 100*i = 21*i + 42581. Calculate the remainder when i is d